{"id":7,"date":"2023-08-30T12:42:06","date_gmt":"2023-08-30T12:42:06","guid":{"rendered":"https:\/\/planasul.co.ao\/?page_id=7"},"modified":"2023-09-11T10:18:40","modified_gmt":"2023-09-11T10:18:40","slug":"planasul-juntos-rumo-ao-futuro","status":"publish","type":"page","link":"https:\/\/planasul.co.ao\/","title":{"rendered":""},"content":{"rendered":"\n<p class=\"has-text-align-center has-medium-font-size\">A Planasul \u00e9 uma empresa Angolana subscrita totalmente por capitais Angolanos, faz parte de um dos Grupos econ\u00f3micos mais importantes do Pa\u00eds, o Grupo Socolil, Lda, tem sua sede na cidade do Lubango, Prov\u00edncia da Hu\u00edla, com representa\u00e7\u00f5es em Luanda, Benguela, Bi\u00e9 e Namibe.<\/p>\n\n\n\n<div class=\"wp-block-group alignfull has-background\" style=\"background-color:#e5e9ec\"><div class=\"wp-block-group__inner-container is-layout-flow wp-block-group-is-layout-flow\">\n<div class=\"wp-block-columns is-layout-flex wp-container-core-columns-is-layout-9d6595d7 wp-block-columns-is-layout-flex\">\n<div class=\"wp-block-column is-vertically-aligned-center is-layout-flow wp-block-column-is-layout-flow\">\n<h2 class=\"wp-block-heading\">Sobre n\u00f3s<\/h2>\n\n\n\n<p>Aqui pode conhecer um pouco da nossa empresa.<\/p>\n\n\n\n<div class=\"wp-block-buttons is-horizontal is-content-justification-left is-layout-flex wp-container-core-buttons-is-layout-7e5fce0a wp-block-buttons-is-layout-flex\">\n<div class=\"wp-block-button is-style-outline is-style-outline--1\"><a class=\"wp-block-button__link wp-element-button\" href=\"https:\/\/planasul.co.ao\/index.php\/about\/\">Sobre n\u00f3s<\/a><\/div>\n<\/div>\n\n\n\n<p><\/p>\n<\/div>\n\n\n\n<div class=\"wp-block-column is-layout-flow wp-block-column-is-layout-flow\">\n<div style=\"height:48px\" aria-hidden=\"true\" class=\"wp-block-spacer\"><\/div>\n\n\n\n<figure class=\"wp-block-image size-full is-style-rounded\"><img loading=\"lazy\" decoding=\"async\" width=\"1024\" height=\"768\" src=\"https:\/\/planasul.co.ao\/wp-content\/uploads\/2023\/08\/Contactos.jpg\" alt=\"\" class=\"wp-image-27\" srcset=\"https:\/\/planasul.co.ao\/wp-content\/uploads\/2023\/08\/Contactos.jpg 1024w, https:\/\/planasul.co.ao\/wp-content\/uploads\/2023\/08\/Contactos-300x225.jpg 300w, https:\/\/planasul.co.ao\/wp-content\/uploads\/2023\/08\/Contactos-768x576.jpg 768w\" sizes=\"auto, (max-width: 1024px) 100vw, 1024px\" \/><\/figure>\n<\/div>\n<\/div>\n<\/div><\/div>\n\n\n\n<div class=\"wp-block-group alignfull\"><div class=\"wp-block-group__inner-container is-layout-flow wp-block-group-is-layout-flow\">\n<div class=\"wp-block-columns are-vertically-aligned-center is-layout-flex wp-container-core-columns-is-layout-9d6595d7 wp-block-columns-is-layout-flex\">\n<div class=\"wp-block-column is-vertically-aligned-center is-layout-flow wp-block-column-is-layout-flow\">\n<div style=\"height:48px\" aria-hidden=\"true\" class=\"wp-block-spacer\"><\/div>\n\n\n\n<figure class=\"wp-block-image size-full is-style-rounded\"><img loading=\"lazy\" decoding=\"async\" width=\"1024\" height=\"768\" src=\"https:\/\/planasul.co.ao\/wp-content\/uploads\/2023\/09\/WhatsApp-Image-2023-02-17-at-10.15.49.jpeg\" alt=\"\" class=\"wp-image-119\" srcset=\"https:\/\/planasul.co.ao\/wp-content\/uploads\/2023\/09\/WhatsApp-Image-2023-02-17-at-10.15.49.jpeg 1024w, https:\/\/planasul.co.ao\/wp-content\/uploads\/2023\/09\/WhatsApp-Image-2023-02-17-at-10.15.49-300x225.jpeg 300w, https:\/\/planasul.co.ao\/wp-content\/uploads\/2023\/09\/WhatsApp-Image-2023-02-17-at-10.15.49-768x576.jpeg 768w\" sizes=\"auto, (max-width: 1024px) 100vw, 1024px\" \/><\/figure>\n<\/div>\n\n\n\n<div class=\"wp-block-column is-vertically-aligned-center is-layout-flow wp-block-column-is-layout-flow\">\n<h2 class=\"wp-block-heading\">Os nossos servi\u00e7os<\/h2>\n\n\n\n<p>Aqui pode conhecer os nossos servi\u00e7os e as nossas \u00e1reas de actividade.<\/p>\n\n\n\n<div class=\"wp-block-buttons is-layout-flex wp-block-buttons-is-layout-flex\">\n<div class=\"wp-block-button is-style-outline is-style-outline--2\"><a class=\"wp-block-button__link wp-element-button\" href=\"https:\/\/planasul.co.ao\/index.php\/areas-de-actividade-servicos\/\">Servi\u00e7os<\/a><\/div>\n<\/div>\n<\/div>\n<\/div>\n<\/div><\/div>\n\n\n\n<div class=\"wp-block-group alignfull has-black-background-color has-background\"><div class=\"wp-block-group__inner-container is-layout-flow wp-block-group-is-layout-flow\">\n<h2 class=\"wp-block-heading has-text-align-center has-white-color has-text-color\"><strong>Galeria<\/strong><\/h2>\n\n\n\n<figure class=\"wp-block-gallery aligncenter has-nested-images columns-default is-cropped wp-block-gallery-3 is-layout-flex wp-block-gallery-is-layout-flex\">\n<figure class=\"wp-block-image size-full is-style-default\"><img loading=\"lazy\" decoding=\"async\" width=\"1024\" height=\"576\" data-id=\"77\" src=\"https:\/\/planasul.co.ao\/wp-content\/uploads\/2023\/09\/WhatsApp-Image-2023-02-17-at-10.11.42.jpeg\" alt=\"\" class=\"wp-image-77\" style=\"aspect-ratio:16\/9;object-fit:cover\" srcset=\"https:\/\/planasul.co.ao\/wp-content\/uploads\/2023\/09\/WhatsApp-Image-2023-02-17-at-10.11.42.jpeg 1024w, https:\/\/planasul.co.ao\/wp-content\/uploads\/2023\/09\/WhatsApp-Image-2023-02-17-at-10.11.42-300x169.jpeg 300w, https:\/\/planasul.co.ao\/wp-content\/uploads\/2023\/09\/WhatsApp-Image-2023-02-17-at-10.11.42-768x432.jpeg 768w\" sizes=\"auto, (max-width: 1024px) 100vw, 1024px\" \/><\/figure>\n\n\n\n<figure class=\"wp-block-image size-large is-style-default\"><img loading=\"lazy\" decoding=\"async\" width=\"1024\" height=\"768\" data-id=\"80\" src=\"https:\/\/planasul.co.ao\/wp-content\/uploads\/2023\/09\/ulukgh-1024x768.jpg\" alt=\"\" class=\"wp-image-80\" srcset=\"https:\/\/planasul.co.ao\/wp-content\/uploads\/2023\/09\/ulukgh-1024x768.jpg 1024w, https:\/\/planasul.co.ao\/wp-content\/uploads\/2023\/09\/ulukgh-300x225.jpg 300w, https:\/\/planasul.co.ao\/wp-content\/uploads\/2023\/09\/ulukgh-768x576.jpg 768w, https:\/\/planasul.co.ao\/wp-content\/uploads\/2023\/09\/ulukgh.jpg 1280w\" sizes=\"auto, (max-width: 1024px) 100vw, 1024px\" \/><\/figure>\n\n\n\n<figure class=\"wp-block-image size-large is-style-default\"><img loading=\"lazy\" decoding=\"async\" width=\"1024\" height=\"768\" data-id=\"70\" src=\"https:\/\/planasul.co.ao\/wp-content\/uploads\/2023\/09\/fhdf-1024x768.jpg\" alt=\"\" class=\"wp-image-70\" style=\"aspect-ratio:16\/9;object-fit:cover\" srcset=\"https:\/\/planasul.co.ao\/wp-content\/uploads\/2023\/09\/fhdf-1024x768.jpg 1024w, https:\/\/planasul.co.ao\/wp-content\/uploads\/2023\/09\/fhdf-300x225.jpg 300w, https:\/\/planasul.co.ao\/wp-content\/uploads\/2023\/09\/fhdf-768x576.jpg 768w, https:\/\/planasul.co.ao\/wp-content\/uploads\/2023\/09\/fhdf.jpg 1280w\" sizes=\"auto, (max-width: 1024px) 100vw, 1024px\" \/><\/figure>\n\n\n\n<figure class=\"wp-block-image size-full is-style-default\"><img loading=\"lazy\" decoding=\"async\" width=\"1024\" height=\"768\" data-id=\"31\" src=\"https:\/\/planasul.co.ao\/wp-content\/uploads\/2023\/08\/WhatsApp-Image-2023-02-17-at-11.12.41-1.jpeg\" alt=\"\" class=\"wp-image-31\" srcset=\"https:\/\/planasul.co.ao\/wp-content\/uploads\/2023\/08\/WhatsApp-Image-2023-02-17-at-11.12.41-1.jpeg 1024w, https:\/\/planasul.co.ao\/wp-content\/uploads\/2023\/08\/WhatsApp-Image-2023-02-17-at-11.12.41-1-300x225.jpeg 300w, https:\/\/planasul.co.ao\/wp-content\/uploads\/2023\/08\/WhatsApp-Image-2023-02-17-at-11.12.41-1-768x576.jpeg 768w\" sizes=\"auto, (max-width: 1024px) 100vw, 1024px\" \/><\/figure>\n\n\n\n<figure class=\"wp-block-image size-full is-style-default\"><img loading=\"lazy\" decoding=\"async\" width=\"1024\" height=\"768\" data-id=\"36\" src=\"https:\/\/planasul.co.ao\/wp-content\/uploads\/2023\/08\/WhatsApp-Image-2023-02-17-at-10.15.49-3.jpeg\" alt=\"\" class=\"wp-image-36\" srcset=\"https:\/\/planasul.co.ao\/wp-content\/uploads\/2023\/08\/WhatsApp-Image-2023-02-17-at-10.15.49-3.jpeg 1024w, https:\/\/planasul.co.ao\/wp-content\/uploads\/2023\/08\/WhatsApp-Image-2023-02-17-at-10.15.49-3-300x225.jpeg 300w, https:\/\/planasul.co.ao\/wp-content\/uploads\/2023\/08\/WhatsApp-Image-2023-02-17-at-10.15.49-3-768x576.jpeg 768w\" sizes=\"auto, (max-width: 1024px) 100vw, 1024px\" \/><\/figure>\n\n\n\n<figure class=\"wp-block-image size-full is-style-default\"><img loading=\"lazy\" decoding=\"async\" width=\"1024\" height=\"768\" data-id=\"78\" src=\"https:\/\/planasul.co.ao\/wp-content\/uploads\/2023\/09\/WhatsApp-Image-2023-02-17-at-10.23.45-1.jpeg\" alt=\"\" class=\"wp-image-78\" style=\"aspect-ratio:16\/9;object-fit:cover\" srcset=\"https:\/\/planasul.co.ao\/wp-content\/uploads\/2023\/09\/WhatsApp-Image-2023-02-17-at-10.23.45-1.jpeg 1024w, https:\/\/planasul.co.ao\/wp-content\/uploads\/2023\/09\/WhatsApp-Image-2023-02-17-at-10.23.45-1-300x225.jpeg 300w, https:\/\/planasul.co.ao\/wp-content\/uploads\/2023\/09\/WhatsApp-Image-2023-02-17-at-10.23.45-1-768x576.jpeg 768w\" sizes=\"auto, (max-width: 1024px) 100vw, 1024px\" \/><\/figure>\n<\/figure>\n<\/div><\/div>\n\n\n\n<div class=\"wp-block-cover alignfull is-light has-parallax is-position-center-center\" style=\"min-height:375px;aspect-ratio:unset;\"><span aria-hidden=\"true\" class=\"wp-block-cover__background has-black-background-color has-background-dim-40 has-background-dim\"><\/span><div role=\"img\" class=\"wp-block-cover__image-background wp-image-135 has-parallax\" style=\"background-position:50% 50%;background-image:url(https:\/\/planasul.co.ao\/wp-content\/uploads\/2023\/09\/djdjdh.jpg)\"><\/div><div class=\"wp-block-cover__inner-container is-layout-flow wp-block-cover-is-layout-flow\">\n<p class=\"has-text-align-center has-text-color has-huge-font-size\" style=\"color:#fffffa;line-height:1.1\"><strong>Planasul, juntos rumo ao futuro&#8230; <\/strong><\/p>\n\n\n\n<p class=\"has-text-align-center\"><p class=\"has-text-align-center\" style=\"color:#ffffff;\"><\/p><\/p>\n\n\n\n<div style=\"height:39px\" aria-hidden=\"true\" class=\"wp-block-spacer\"><\/div>\n\n\n\n<div class=\"wp-block-buttons is-horizontal is-content-justification-center is-layout-flex wp-container-core-buttons-is-layout-499968f5 wp-block-buttons-is-layout-flex\">\n<div class=\"wp-block-button is-style-outline is-style-outline--4\"><a class=\"wp-block-button__link has-white-color has-text-color wp-element-button\" href=\"https:\/\/planasul.co.ao\/index.php\/contacto\/\">Contacte-nos<\/a><\/div>\n<\/div>\n<\/div><\/div>\n","protected":false},"excerpt":{"rendered":"<p>A Planasul \u00e9 uma empresa Angolana subscrita totalmente por capitais Angolanos, faz parte de um dos Grupos econ\u00f3micos mais importantes do Pa\u00eds, o Grupo Socolil, Lda, tem sua sede na cidade do Lubango, Prov\u00edncia da Hu\u00edla, com representa\u00e7\u00f5es em Luanda, Benguela, Bi\u00e9 e Namibe. Sobre n\u00f3s Aqui pode conhecer um pouco da nossa empresa. Os &hellip; <\/p>\n<p class=\"link-more\"><a href=\"https:\/\/planasul.co.ao\/\" class=\"more-link\">Read more<span class=\"screen-reader-text\"> &#8220;&#8221;<\/span><\/a><\/p>\n","protected":false},"author":1,"featured_media":6,"parent":0,"menu_order":0,"comment_status":"closed","ping_status":"closed","template":"","meta":{"footnotes":""},"class_list":["post-7","page","type-page","status-publish","has-post-thumbnail","hentry"],"_links":{"self":[{"href":"https:\/\/planasul.co.ao\/index.php\/wp-json\/wp\/v2\/pages\/7","targetHints":{"allow":["GET"]}}],"collection":[{"href":"https:\/\/planasul.co.ao\/index.php\/wp-json\/wp\/v2\/pages"}],"about":[{"href":"https:\/\/planasul.co.ao\/index.php\/wp-json\/wp\/v2\/types\/page"}],"author":[{"embeddable":true,"href":"https:\/\/planasul.co.ao\/index.php\/wp-json\/wp\/v2\/users\/1"}],"replies":[{"embeddable":true,"href":"https:\/\/planasul.co.ao\/index.php\/wp-json\/wp\/v2\/comments?post=7"}],"version-history":[{"count":7,"href":"https:\/\/planasul.co.ao\/index.php\/wp-json\/wp\/v2\/pages\/7\/revisions"}],"predecessor-version":[{"id":136,"href":"https:\/\/planasul.co.ao\/index.php\/wp-json\/wp\/v2\/pages\/7\/revisions\/136"}],"wp:featuredmedia":[{"embeddable":true,"href":"https:\/\/planasul.co.ao\/index.php\/wp-json\/wp\/v2\/media\/6"}],"wp:attachment":[{"href":"https:\/\/planasul.co.ao\/index.php\/wp-json\/wp\/v2\/media?parent=7"}],"curies":[{"name":"wp","href":"https:\/\/api.w.org\/{rel}","templated":true}]}}